 factor of d and w?
20
Let h = 9 + -17. Let o = 4 - h. Let f(z) = 8*z**2 + 10*z - 4. Let m be f(2). What is the greatest common factor of o and m?
12
Suppose -84 = -2*u + 5*a, 5*a - 33 = u + 15*a. What is the greatest common factor of 138 and u?
3
Let v be 18/(-45)*35/(-2). Let p(o) = -o**3 - 14*o**2 - 12*o + 18. Let u be p(-13). Suppose -u*d - 60 = -v*d. What is the highest common factor of d and 60?
30
Let n = 10 + 90. Let d(q) = q**2 - 19*q - 56. Let v be d(22). Calculate the highest common factor of n and v.
10
Suppose -249*w + 199 = 4*n - 252*w, 3*n - 4*w - 144 = 0. What is the highest common divisor of 962 and n?
26
Suppose 5*l + 1488 = -2*l + 6864. Calculate the highest common divisor of 240 and l.
48
Let d(q) = q - 8. Let k be d(13). Suppose 60 = u - 2*z + k*z, -4*z - 232 = -3*u. Let s = 85 - 49. What is the greatest common divisor of u and s?
36
Let a(f) be the third derivative of -f**4/24 + 11*f**3/3 - 47*f**2. Let s be a(5). What is the highest common divisor of s and 68?
17
Suppose 0 = q + 4*h - 4, 3*q - 5*h = -0*h - 5. Suppose q = 3*y - 9, 6*y - 2*y = -v + 16. Suppose -v*i = i - 40. What is the highest common factor of 24 and i?
8
Suppose -56*a = -3082 - 7670. Calculate the greatest common factor of a and 2400.
96
Let p be (-183)/(7/((-14)/6) - -2). Let v be (-5 - 0)*(1 - p/15). Suppose t = -t + v. Calculate the highest common factor of 252 and t.
28
Let z = 47 - 37. Let f be (z + -1)*(-32)/(-96). Suppose f*n + 2*b - 51 = -0*b, 0 = 2*b. What is the highest common factor of n and 34?
17
Suppose -10*n + 353 = -767. Suppose -2*a + 3*z + 35 = -8, 3*a + 4*z = 22. What is the greatest common factor of n and a?
14
Let k be 8 - -3*4/(-6). Let y(z) = 11*z - 24. Let r(o) = 5*o - 13. Let b(i) = -11*r(i) + 6*y(i). Let m be b(5). What is the greatest common factor of m and k?
6
Suppose 102 - 327 = -15*n. Let i be (-15)/(195/(-95) - -2). What is the greatest common divisor of i and n?
15
Let d(b) = 3*b**2 - 52*b - 299. Let s be d(-5). Let p(f) = 6*f**3 + f**2 - 2*f + 4. Let w be p(4). What is the highest common factor of s and w?
36
Suppose -8*t + 18 - 2 = 0. Let k be -18*(5/t)/5. Let m be 144/(-27)*k/6. Calculate the greatest common factor of m and 12.
4
Let o = -234 - -219. Let i be (o + 3 + 0)*-3. Calculate the greatest common divisor of 144 and i.
36
Let p(j) = 397*j**2 + j + 1. Let r be p(-1). Let c = r - -44. What is the highest common divisor of 49 and c?
49
Let g be ((-162)/21)/((-2)/28)*3. Calculate the highest common divisor of 636 and g.
12
Let l(y) = 8*y**2 + 826*y - 1212. Let d be l(-105). Let q be (-25)/(-4) + (-1)/4. Calculate the highest common divisor of q and d.
6
Let r(u) = 7 + 244*u + 26 - 120*u - 121*u. Let b be r(-8). Calculate the greatest common factor of 27 and b.
9
Let l be 5/(-2)*-5*224/350. What is the greatest common divisor of 140 and l?
4
Suppose 11*g = 2*g + 6237. Let k = 703 - g. What is the highest common factor of 490 and k?
10
Let s be 19/((-247)/(-59891)) + 5. Calculate the greatest common factor of 4 and s.
4
Let k = -335 + 394. Suppose -k = -25*p + 91. Calculate the highest common divisor of p and 129.
3
Let z be (-6)/(-27) + (-428)/(-18). Let p be 2/(-7) + (-1350)/(-21). Let k be (p/(-20))/(6/(-15)). Calculate the highest common factor of z and k.
8
Let z = 117 - 83. Let x = 5 + z. Let s = x + -37. Calculate the greatest common factor of s and 16.
2
Let h(b) = 5*b - 12 - 14*b + 4*b + 4*b. Let c be h(-14). Suppose 0 = -0*y + 3*y - c*g - 26, -g = -4*y + 33. Calculate the highest common factor of 40 and y.
8
Let r be 2*5*((-65640)/(-400) + 3/(-5)). What is the greatest common divisor of 30 and r?
15
Let a = -38 - -71. Suppose a + 57 = n. Suppose 12*c - 9*c + 132 = 4*s, -6*c = -4*s + 120. What is the highest common factor of n and s?
18
Suppose -12*r + 23*r - 55 = 0. Suppose 54 = 3*q + 2*d, -r*q + d - 4 = -94. What is the highest common factor of 162 and q?
18
Suppose 162*c - 968 = 74*c. Calculate the highest common factor of c and 1001.
11
Let n be 17 + -17 + -1 + 5. Let c be (-66)/(-264) - 1*(-815)/n. What is the greatest common divisor of c and 60?
12
Let v = 25 + -11. Suppose -60*q - 4 = -61*q. Suppose q*k = 3*k + 21. What is the greatest common divisor of v and k?
7
Let r(o) = 14*o**2 + 2*o + 3. Let a be r(-2). Let p = -184 - -550. Let y = p + -361. Calculate the highest common factor of y and a.
5
Let z be (0 - -2)*(-18)/(-36). Suppose -4*r + 10 = -22. What is the greatest common divisor of z and r?
1
Suppose -24*l + 3376 = 5*l - 12661. What is the greatest common divisor of l and 158?
79
Let b(i) = 14*i - 4. Let p be b(9). Suppose -187 = -102*o + 99*o + 4*z, -z = 1. Calculate the greatest common divisor of o and p.
61
Suppose 156*l - 1303 = 1817. What is the greatest common divisor of l and 940?
20
Let w(k) = 1995*k**2 + 243*k - 984. Let o be w(4). Calculate the highest common factor of o and 12.
12
Let i = 36 + -6. Suppose -y + 4*c = 12, 5*y - 4*c - 12 = -72. Let q = y + i. Calculate the highest common factor of 144 and q.
18
Let d(w) = -4298*w + 358. Let f be d(-2). Calculate the highest common divisor of 22 and f.
22
Let l be (150/12)/((-1)/(-111)*(-15)/(-60)). Calculate the highest common factor of l and 45.
15
Let r(t) = 18*t**2 + t + 2. Let n be (4 - (-9 + 12))*1*-2. Let p be r(n). What is the highest common divisor of 90 and p?
18
Let v(a) = -a**3 + 3*a**2 - 4*a + 4. Let k be v(2). Suppose c - 73 = 4*j - 1385, k = c. What is the greatest common factor of j and 123?
41
Let p(w) = 1 - 78*w - 17*w**2 - 46*w - 19*w - 12*w. Let m be p(-9). Calculate the greatest common factor of m and 456.
19
Let f = 10069 - 2327. What is the greatest common factor of 196 and f?
98
Let r be -1 - (-68*1 - (-2 + 1)). Let g = r + -62. Suppose -3*n = -g*n + 69. Calculate the highest common factor of 23 and n.
23
Suppose -4*p = -2*l - 3492, -40*p + 42*p - 1752 = 4*l. What is the greatest common factor of 24 and p?
8
Let q(u) = u**3 - 37*u**2 + 140*u + 17. Let k be q(33). Suppose -279*g = -k*g + 84. What is the highest common divisor of g and 224?
14
Suppose -84 = 70*h - 72*h. Suppose 0 = 3*r - 6*r - 9. Let b = r - -87. What is the highest common factor of h and b?
42
Let b be (25*1)/(26/130). Let l = b - 69. Calculate the highest common factor of 616 and l.
56
Suppose 325 = 27*u - 26. Calculate the highest common factor of u and 2951.
13
Suppose 5*k - 64 = 3*k - 5*h, -4*h + 26 = k. Suppose -3*z + 5*u = -175 + k, -2*u + 160 = 4*z. Calculate the greatest common factor of z and 779.
41
Let q(y) = -2*y**3 + 7*y**2 + 837. Let h be q(0). What is the greatest common divisor of h and 2325?
93
Let m = -8 - -13. Let o(z) be the third derivative of 11*z**4/24 - 4*z**3/3 - 3*z**2 + 9. Let f be o(3). Calculate the highest common divisor of m and f.
5
Let w(k) be the first derivative of -2*k**3/3 + 31*k**2/2 - 7*k - 14. Let d be w(15). Let i = -11 + 12. What is the highest common factor of d and i?
1
Let x = 177 - 116. Suppose z + x - 69 = 0. Calculate the highest common factor of z and 1.
1
Suppose 4*m + 345 = 4*u - 287, 2*m - 152 = -u. Suppose 2*b + u = 6*b. Suppose -b = -2*r + 25. Calculate the highest common factor of 4 and r.
4
Let l(y) = -3*y**2 + 9*y - 8. Let s be l(1). Let b be (174 - s)/4 + -4. Calculate the greatest common divisor of 760 and b.
40
Suppose -5*r + 25 = 0, 0 = 2*w + 2*r + 51 - 93. What is the highest common factor of w and 2168?
8
Suppose 0 = -2*w + w + 39. Let f(k) = -k**2 - 6*k + 5. Let v be f(-4). Let u = w - v. What is the greatest common factor of u and 78?
26
Let b(z) = 7*z**2 - 310*z - 943. Let q be b(-3). What is the greatest common divisor of 925 and q?
25
Let s(y) be the second derivative of 69*y**5/20 + y**4/12 - 2*y**3/3 + y**2 + 2*y + 23. Let x be s(1). What is the greatest common divisor of x and 4?
4
Suppose -8*a - 168567 = -45*a + 14*a. What is the highest common factor of 21 and a?
21
Let z = -1145 + 1171. Let g be (273/4)/(99/264). What is the greatest common factor of g and z?
26
Suppose -2*o + 168 = -4*l, 2*l + 87 = 2*o - 93. What is the highest common divisor of 10464 and o?
96
Let v(d) = -273*d**2 + 51 + 542*d**2 + 24*d - 264*d**2. Let f be v(-2). Let m be 1/((-3)/(-477)) - -2. What is the greatest common divisor of m and f?
23
Let n(g) = 278*g + 2272. Let k be n(-8). Calculate the hig